{"id":2709,"date":"2025-11-12T16:02:41","date_gmt":"2025-11-12T15:02:41","guid":{"rendered":"https:\/\/www.ednh.fr\/salon-nutrition\/lyon\/?page_id=2709"},"modified":"2025-12-03T17:33:44","modified_gmt":"2025-12-03T16:33:44","slug":"logistique","status":"publish","type":"page","link":"https:\/\/www.ednh.fr\/salon-nutrition\/lyon\/logistique\/","title":{"rendered":"Logistique"},"content":{"rendered":"\t\t<div data-elementor-type=\"wp-page\" data-elementor-id=\"2709\" class=\"elementor elementor-2709\">\n\t\t\t\t\t\t<section class=\"elementor-section elementor-top-section elementor-element elementor-element-b5c6ed6 elementor-section-boxed elementor-section-height-default elementor-section-height-default wpr-particle-no wpr-jarallax-no wpr-parallax-no wpr-sticky-section-no wpr-column-slider-no wpr-equal-height-no\" data-id=\"b5c6ed6\" data-element_type=\"section\" data-e-type=\"section\">\n\t\t\t\t\t\t<div class=\"elementor-container elementor-column-gap-default\">\n\t\t\t\t\t<div class=\"elementor-column elementor-col-100 elementor-top-column elementor-element elementor-element-cd585b3\" data-id=\"cd585b3\" data-element_type=\"column\" data-e-type=\"column\">\n\t\t\t<div class=\"elementor-widget-wrap elementor-element-populated\">\n\t\t\t\t\t\t<div class=\"elementor-element elementor-element-67a366a elementor-widget elementor-widget-heading\" data-id=\"67a366a\" data-element_type=\"widget\" data-e-type=\"widget\" data-widget_type=\"heading.default\">\n\t\t\t\t<div class=\"elementor-widget-container\">\n\t\t\t\t\t<h2 class=\"elementor-heading-title elementor-size-default\">Logistique<\/h2>\t\t\t\t<\/div>\n\t\t\t\t<\/div>\n\t\t\t\t\t<\/div>\n\t\t<\/div>\n\t\t\t\t\t<\/div>\n\t\t<\/section>\n\t\t\t\t<section class=\"elementor-section elementor-top-section elementor-element elementor-element-7713a59 elementor-section-boxed elementor-section-height-default elementor-section-height-default wpr-particle-no wpr-jarallax-no wpr-parallax-no wpr-sticky-section-no wpr-column-slider-no wpr-equal-height-no\" data-id=\"7713a59\" data-element_type=\"section\" data-e-type=\"section\">\n\t\t\t\t\t\t<div class=\"elementor-container elementor-column-gap-default\">\n\t\t\t\t\t<div class=\"elementor-column elementor-col-50 elementor-top-column elementor-element elementor-element-7ab5702\" data-id=\"7ab5702\" data-element_type=\"column\" data-e-type=\"column\">\n\t\t\t<div class=\"elementor-widget-wrap\">\n\t\t\t\t\t\t\t<\/div>\n\t\t<\/div>\n\t\t\t\t<div class=\"elementor-column elementor-col-50 elementor-top-column elementor-element elementor-element-e4e92e1\" data-id=\"e4e92e1\" data-element_type=\"column\" data-e-type=\"column\">\n\t\t\t<div class=\"elementor-widget-wrap\">\n\t\t\t\t\t\t\t<\/div>\n\t\t<\/div>\n\t\t\t\t\t<\/div>\n\t\t<\/section>\n\t\t\t\t<section class=\"elementor-section elementor-top-section elementor-element elementor-element-524820e elementor-section-boxed elementor-section-height-default elementor-section-height-default wpr-particle-no wpr-jarallax-no wpr-parallax-no wpr-sticky-section-no wpr-column-slider-no wpr-equal-height-no\" data-id=\"524820e\" data-element_type=\"section\" data-e-type=\"section\">\n\t\t\t\t\t\t<div class=\"elementor-container elementor-column-gap-default\">\n\t\t\t\t\t<div class=\"elementor-column elementor-col-100 elementor-top-column elementor-element elementor-element-c4908e6\" data-id=\"c4908e6\" data-element_type=\"column\" data-e-type=\"column\">\n\t\t\t<div class=\"elementor-widget-wrap elementor-element-populated\">\n\t\t\t\t\t\t<div class=\"elementor-element elementor-element-fe93efc elementor-widget elementor-widget-heading\" data-id=\"fe93efc\" data-element_type=\"widget\" data-e-type=\"widget\" data-widget_type=\"heading.default\">\n\t\t\t\t<div class=\"elementor-widget-container\">\n\t\t\t\t\t<h2 class=\"elementor-heading-title elementor-size-default\">Florian<\/h2>\t\t\t\t<\/div>\n\t\t\t\t<\/div>\n\t\t\t\t\t<\/div>\n\t\t<\/div>\n\t\t\t\t\t<\/div>\n\t\t<\/section>\n\t\t\t\t<section class=\"elementor-section elementor-top-section elementor-element elementor-element-bb6b6c8 elementor-section-boxed elementor-section-height-default elementor-section-height-default wpr-particle-no wpr-jarallax-no wpr-parallax-no wpr-sticky-section-no wpr-column-slider-no wpr-equal-height-no\" data-id=\"bb6b6c8\" data-element_type=\"section\" data-e-type=\"section\">\n\t\t\t\t\t\t<div class=\"elementor-container elementor-column-gap-default\">\n\t\t\t\t\t<div class=\"elementor-column elementor-col-50 elementor-top-column elementor-element elementor-element-5e5ce43\" data-id=\"5e5ce43\" data-element_type=\"column\" data-e-type=\"column\">\n\t\t\t<div class=\"elementor-widget-wrap elementor-element-populated\">\n\t\t\t\t\t\t<div class=\"elementor-element elementor-element-6c56f03 elementor-widget elementor-widget-image\" data-id=\"6c56f03\" data-element_type=\"widget\" data-e-type=\"widget\" data-widget_type=\"image.default\">\n\t\t\t\t<div class=\"elementor-widget-container\">\n\t\t\t\t\t\t\t\t\t\t\t\t\t\t\t<img fetchpriority=\"high\" decoding=\"async\" width=\"819\" height=\"1024\" src=\"https:\/\/www.ednh.fr\/salon-nutrition\/lyon\/wp-content\/uploads\/sites\/7\/2025\/11\/Florian-1-819x1024.png\" class=\"attachment-large size-large wp-image-2784\" alt=\"\" srcset=\"https:\/\/www.ednh.fr\/salon-nutrition\/lyon\/wp-content\/uploads\/sites\/7\/2025\/11\/Florian-1-819x1024.png 819w, https:\/\/www.ednh.fr\/salon-nutrition\/lyon\/wp-content\/uploads\/sites\/7\/2025\/11\/Florian-1-240x300.png 240w, https:\/\/www.ednh.fr\/salon-nutrition\/lyon\/wp-content\/uploads\/sites\/7\/2025\/11\/Florian-1-768x960.png 768w, https:\/\/www.ednh.fr\/salon-nutrition\/lyon\/wp-content\/uploads\/sites\/7\/2025\/11\/Florian-1.png 1080w\" sizes=\"(max-width: 819px) 100vw, 819px\" \/>\t\t\t\t\t\t\t\t\t\t\t\t\t\t\t<\/div>\n\t\t\t\t<\/div>\n\t\t\t\t\t<\/div>\n\t\t<\/div>\n\t\t\t\t<div class=\"elementor-column elementor-col-50 elementor-top-column elementor-element elementor-element-841170a\" data-id=\"841170a\" data-element_type=\"column\" data-e-type=\"column\">\n\t\t\t<div class=\"elementor-widget-wrap elementor-element-populated\">\n\t\t\t\t\t\t<div class=\"elementor-element elementor-element-14f5df8 elementor-widget elementor-widget-text-editor\" data-id=\"14f5df8\" data-element_type=\"widget\" data-e-type=\"widget\" data-widget_type=\"text-editor.default\">\n\t\t\t\t<div class=\"elementor-widget-container\">\n\t\t\t\t\t\t\t\t\t<p>Salut, c&rsquo;est Florian et je suis le pr\u00e9sident du salon !\u00a0<\/p><p>Souriant, dynamique et toujours partant pour aider, je mets mon \u00e9nergie au service de l\u2019\u00e9quipe et du projet !\u00a0<\/p><p>Passionn\u00e9 par les sports de combat, j\u2019aime relever les d\u00e9fis et transmettre cette d\u00e9termination dans tout ce que j\u2019entreprends.\u00a0<\/p><p>Mon objectif : faire de ce salon un moment convivial, instructif et plein de bonne humeur !\u00a0<\/p>\t\t\t\t\t\t\t\t<\/div>\n\t\t\t\t<\/div>\n\t\t\t\t\t<\/div>\n\t\t<\/div>\n\t\t\t\t\t<\/div>\n\t\t<\/section>\n\t\t\t\t<section class=\"elementor-section elementor-top-section elementor-element elementor-element-196860d elementor-section-boxed elementor-section-height-default elementor-section-height-default wpr-particle-no wpr-jarallax-no wpr-parallax-no wpr-sticky-section-no wpr-column-slider-no wpr-equal-height-no\" data-id=\"196860d\" data-element_type=\"section\" data-e-type=\"section\">\n\t\t\t\t\t\t<div class=\"elementor-container elementor-column-gap-default\">\n\t\t\t\t\t<div class=\"elementor-column elementor-col-100 elementor-top-column elementor-element elementor-element-212b832\" data-id=\"212b832\" data-element_type=\"column\" data-e-type=\"column\">\n\t\t\t<div class=\"elementor-widget-wrap elementor-element-populated\">\n\t\t\t\t\t\t<div class=\"elementor-element elementor-element-5ff7a22 elementor-widget-divider--view-line elementor-widget elementor-widget-divider\" data-id=\"5ff7a22\" data-element_type=\"widget\" data-e-type=\"widget\" data-widget_type=\"divider.default\">\n\t\t\t\t<div class=\"elementor-widget-container\">\n\t\t\t\t\t\t\t<div class=\"elementor-divider\">\n\t\t\t<span class=\"elementor-divider-separator\">\n\t\t\t\t\t\t<\/span>\n\t\t<\/div>\n\t\t\t\t\t\t<\/div>\n\t\t\t\t<\/div>\n\t\t\t\t\t<\/div>\n\t\t<\/div>\n\t\t\t\t\t<\/div>\n\t\t<\/section>\n\t\t\t\t<section class=\"elementor-section elementor-top-section elementor-element elementor-element-8dc7fe5 elementor-section-boxed elementor-section-height-default elementor-section-height-default wpr-particle-no wpr-jarallax-no wpr-parallax-no wpr-sticky-section-no wpr-column-slider-no wpr-equal-height-no\" data-id=\"8dc7fe5\" data-element_type=\"section\" data-e-type=\"section\">\n\t\t\t\t\t\t<div class=\"elementor-container elementor-column-gap-default\">\n\t\t\t\t\t<div class=\"elementor-column elementor-col-50 elementor-top-column elementor-element elementor-element-97775ea\" data-id=\"97775ea\" data-element_type=\"column\" data-e-type=\"column\">\n\t\t\t<div class=\"elementor-widget-wrap\">\n\t\t\t\t\t\t\t<\/div>\n\t\t<\/div>\n\t\t\t\t<div class=\"elementor-column elementor-col-50 elementor-top-column elementor-element elementor-element-1754a2d\" data-id=\"1754a2d\" data-element_type=\"column\" data-e-type=\"column\">\n\t\t\t<div class=\"elementor-widget-wrap\">\n\t\t\t\t\t\t\t<\/div>\n\t\t<\/div>\n\t\t\t\t\t<\/div>\n\t\t<\/section>\n\t\t\t\t<section class=\"elementor-section elementor-top-section elementor-element elementor-element-7a6e9f9 elementor-section-boxed elementor-section-height-default elementor-section-height-default wpr-particle-no wpr-jarallax-no wpr-parallax-no wpr-sticky-section-no wpr-column-slider-no wpr-equal-height-no\" data-id=\"7a6e9f9\" data-element_type=\"section\" data-e-type=\"section\">\n\t\t\t\t\t\t<div class=\"elementor-container elementor-column-gap-default\">\n\t\t\t\t\t<div class=\"elementor-column elementor-col-50 elementor-top-column elementor-element elementor-element-b519433\" data-id=\"b519433\" data-element_type=\"column\" data-e-type=\"column\">\n\t\t\t<div class=\"elementor-widget-wrap\">\n\t\t\t\t\t\t\t<\/div>\n\t\t<\/div>\n\t\t\t\t<div class=\"elementor-column elementor-col-50 elementor-top-column elementor-element elementor-element-fce5644\" data-id=\"fce5644\" data-element_type=\"column\" data-e-type=\"column\">\n\t\t\t<div class=\"elementor-widget-wrap elementor-element-populated\">\n\t\t\t\t\t\t<div class=\"elementor-element elementor-element-935cb0b elementor-widget elementor-widget-heading\" data-id=\"935cb0b\" data-element_type=\"widget\" data-e-type=\"widget\" data-widget_type=\"heading.default\">\n\t\t\t\t<div class=\"elementor-widget-container\">\n\t\t\t\t\t<h2 class=\"elementor-heading-title elementor-size-default\">Carla <\/h2>\t\t\t\t<\/div>\n\t\t\t\t<\/div>\n\t\t\t\t\t<\/div>\n\t\t<\/div>\n\t\t\t\t\t<\/div>\n\t\t<\/section>\n\t\t\t\t<section class=\"elementor-section elementor-top-section elementor-element elementor-element-b1982d5 elementor-section-boxed elementor-section-height-default elementor-section-height-default wpr-particle-no wpr-jarallax-no wpr-parallax-no wpr-sticky-section-no wpr-column-slider-no wpr-equal-height-no\" data-id=\"b1982d5\" data-element_type=\"section\" data-e-type=\"section\">\n\t\t\t\t\t\t<div class=\"elementor-container elementor-column-gap-default\">\n\t\t\t\t\t<div class=\"elementor-column elementor-col-50 elementor-top-column elementor-element elementor-element-b4932a9\" data-id=\"b4932a9\" data-element_type=\"column\" data-e-type=\"column\">\n\t\t\t<div class=\"elementor-widget-wrap elementor-element-populated\">\n\t\t\t\t\t\t<div class=\"elementor-element elementor-element-671731c elementor-widget elementor-widget-text-editor\" data-id=\"671731c\" data-element_type=\"widget\" data-e-type=\"widget\" data-widget_type=\"text-editor.default\">\n\t\t\t\t<div class=\"elementor-widget-container\">\n\t\t\t\t\t\t\t\t\t<p>Salut, moi c&rsquo;est Carla, passionn\u00e9e par la di\u00e9t\u00e9tique, la cuisine et l&rsquo;\u00e9quitation, j&rsquo;ai une vision ludique et accessible de la sant\u00e9 et souhaite apporter mon exp\u00e9rience au salon avec cette optique !<\/p>\t\t\t\t\t\t\t\t<\/div>\n\t\t\t\t<\/div>\n\t\t\t\t\t<\/div>\n\t\t<\/div>\n\t\t\t\t<div class=\"elementor-column elementor-col-50 elementor-top-column elementor-element elementor-element-bd2a693\" data-id=\"bd2a693\" data-element_type=\"column\" data-e-type=\"column\">\n\t\t\t<div class=\"elementor-widget-wrap\">\n\t\t\t\t\t\t\t<\/div>\n\t\t<\/div>\n\t\t\t\t\t<\/div>\n\t\t<\/section>\n\t\t\t\t<\/div>\n\t\t","protected":false},"excerpt":{"rendered":"<p>Logistique Florian Salut, c&rsquo;est Florian et je suis le pr\u00e9sident du salon !\u00a0 Souriant, dynamique et toujours partant pour aider, je mets mon \u00e9nergie au service de l\u2019\u00e9quipe et du projet !\u00a0 Passionn\u00e9 par les sports de combat, j\u2019aime relever les d\u00e9fis et transmettre cette d\u00e9termination dans tout ce que j\u2019entreprends.\u00a0 Mon objectif : faire de ce salon un moment convivial, instructif et plein de bonne humeur !\u00a0 Carla Salut, moi c&rsquo;est Carla, passionn\u00e9e par la di\u00e9t\u00e9tique, la cuisine et l&rsquo;\u00e9quitation, j&rsquo;ai une vision ludique et accessible de la sant\u00e9 et souhaite apporter mon exp\u00e9rience au salon avec cette optique !<\/p>\n","protected":false},"author":12,"featured_media":0,"parent":0,"menu_order":0,"comment_status":"closed","ping_status":"closed","template":"elementor_header_footer","meta":{"om_disable_all_campaigns":false,"footnotes":""},"class_list":["post-2709","page","type-page","status-publish","hentry"],"yoast_head":"<!-- This site is optimized with the Yoast SEO plugin v27.6 - https:\/\/yoast.com\/product\/yoast-seo-wordpress\/ -->\n<title>Logistique - Salon de la Nutrition de l&#039;EDNH de Lyon<\/title>\n<meta name=\"robots\" content=\"index, follow, max-snippet:-1, max-image-preview:large, max-video-preview:-1\" \/>\n<link rel=\"canonical\" href=\"https:\/\/www.ednh.fr\/salon-nutrition\/lyon\/logistique\/\" \/>\n<meta property=\"og:locale\" content=\"fr_FR\" \/>\n<meta property=\"og:type\" content=\"article\" \/>\n<meta property=\"og:title\" content=\"Logistique - Salon de la Nutrition de l&#039;EDNH de Lyon\" \/>\n<meta property=\"og:description\" content=\"Logistique Florian Salut, c&rsquo;est Florian et je suis le pr\u00e9sident du salon !\u00a0 Souriant, dynamique et toujours partant pour aider, je mets mon \u00e9nergie au service de l\u2019\u00e9quipe et du projet !\u00a0 Passionn\u00e9 par les sports de combat, j\u2019aime relever les d\u00e9fis et transmettre cette d\u00e9termination dans tout ce que j\u2019entreprends.\u00a0 Mon objectif : faire de ce salon un moment convivial, instructif et plein de bonne humeur !\u00a0 Carla Salut, moi c&rsquo;est Carla, passionn\u00e9e par la di\u00e9t\u00e9tique, la cuisine et l&rsquo;\u00e9quitation, j&rsquo;ai une vision ludique et accessible de la sant\u00e9 et souhaite apporter mon exp\u00e9rience au salon avec cette optique !\" \/>\n<meta property=\"og:url\" content=\"https:\/\/www.ednh.fr\/salon-nutrition\/lyon\/logistique\/\" \/>\n<meta property=\"og:site_name\" content=\"Salon de la Nutrition de l&#039;EDNH de Lyon\" \/>\n<meta property=\"article:modified_time\" content=\"2025-12-03T16:33:44+00:00\" \/>\n<meta property=\"og:image\" content=\"https:\/\/www.ednh.fr\/salon-nutrition\/lyon\/wp-content\/uploads\/sites\/7\/2025\/11\/Florian-1.png\" \/>\n\t<meta property=\"og:image:width\" content=\"1080\" \/>\n\t<meta property=\"og:image:height\" content=\"1350\" \/>\n\t<meta property=\"og:image:type\" content=\"image\/png\" \/>\n<meta name=\"twitter:card\" content=\"summary_large_image\" \/>\n<meta name=\"twitter:label1\" content=\"Dur\u00e9e de lecture estim\u00e9e\" \/>\n\t<meta name=\"twitter:data1\" content=\"1 minute\" \/>\n<script type=\"application\/ld+json\" class=\"yoast-schema-graph\">{\"@context\":\"https:\\\/\\\/schema.org\",\"@graph\":[{\"@type\":\"WebPage\",\"@id\":\"https:\\\/\\\/www.ednh.fr\\\/salon-nutrition\\\/lyon\\\/logistique\\\/\",\"url\":\"https:\\\/\\\/www.ednh.fr\\\/salon-nutrition\\\/lyon\\\/logistique\\\/\",\"name\":\"Logistique - Salon de la Nutrition de l&#039;EDNH de Lyon\",\"isPartOf\":{\"@id\":\"https:\\\/\\\/www.ednh.fr\\\/salon-nutrition\\\/lyon\\\/#website\"},\"primaryImageOfPage\":{\"@id\":\"https:\\\/\\\/www.ednh.fr\\\/salon-nutrition\\\/lyon\\\/logistique\\\/#primaryimage\"},\"image\":{\"@id\":\"https:\\\/\\\/www.ednh.fr\\\/salon-nutrition\\\/lyon\\\/logistique\\\/#primaryimage\"},\"thumbnailUrl\":\"https:\\\/\\\/www.ednh.fr\\\/salon-nutrition\\\/lyon\\\/wp-content\\\/uploads\\\/sites\\\/7\\\/2025\\\/11\\\/Florian-1-819x1024.png\",\"datePublished\":\"2025-11-12T15:02:41+00:00\",\"dateModified\":\"2025-12-03T16:33:44+00:00\",\"breadcrumb\":{\"@id\":\"https:\\\/\\\/www.ednh.fr\\\/salon-nutrition\\\/lyon\\\/logistique\\\/#breadcrumb\"},\"inLanguage\":\"fr-FR\",\"potentialAction\":[{\"@type\":\"ReadAction\",\"target\":[\"https:\\\/\\\/www.ednh.fr\\\/salon-nutrition\\\/lyon\\\/logistique\\\/\"]}]},{\"@type\":\"ImageObject\",\"inLanguage\":\"fr-FR\",\"@id\":\"https:\\\/\\\/www.ednh.fr\\\/salon-nutrition\\\/lyon\\\/logistique\\\/#primaryimage\",\"url\":\"https:\\\/\\\/www.ednh.fr\\\/salon-nutrition\\\/lyon\\\/wp-content\\\/uploads\\\/sites\\\/7\\\/2025\\\/11\\\/Florian-1.png\",\"contentUrl\":\"https:\\\/\\\/www.ednh.fr\\\/salon-nutrition\\\/lyon\\\/wp-content\\\/uploads\\\/sites\\\/7\\\/2025\\\/11\\\/Florian-1.png\",\"width\":1080,\"height\":1350},{\"@type\":\"BreadcrumbList\",\"@id\":\"https:\\\/\\\/www.ednh.fr\\\/salon-nutrition\\\/lyon\\\/logistique\\\/#breadcrumb\",\"itemListElement\":[{\"@type\":\"ListItem\",\"position\":1,\"name\":\"Accueil\",\"item\":\"https:\\\/\\\/www.ednh.fr\\\/salon-nutrition\\\/lyon\\\/\"},{\"@type\":\"ListItem\",\"position\":2,\"name\":\"Logistique\"}]},{\"@type\":\"WebSite\",\"@id\":\"https:\\\/\\\/www.ednh.fr\\\/salon-nutrition\\\/lyon\\\/#website\",\"url\":\"https:\\\/\\\/www.ednh.fr\\\/salon-nutrition\\\/lyon\\\/\",\"name\":\"Salon de la Nutrition de l&#039;EDNH de Lyon\",\"description\":\"12\u00e8me \u00e9dition du Salon de la Nutrition de l&#039;EDNH\",\"publisher\":{\"@id\":\"https:\\\/\\\/www.ednh.fr\\\/salon-nutrition\\\/lyon\\\/#organization\"},\"potentialAction\":[{\"@type\":\"SearchAction\",\"target\":{\"@type\":\"EntryPoint\",\"urlTemplate\":\"https:\\\/\\\/www.ednh.fr\\\/salon-nutrition\\\/lyon\\\/?s={search_term_string}\"},\"query-input\":{\"@type\":\"PropertyValueSpecification\",\"valueRequired\":true,\"valueName\":\"search_term_string\"}}],\"inLanguage\":\"fr-FR\"},{\"@type\":\"Organization\",\"@id\":\"https:\\\/\\\/www.ednh.fr\\\/salon-nutrition\\\/lyon\\\/#organization\",\"name\":\"Salon de la Nutrition de l&#039;EDNH de Lyon\",\"url\":\"https:\\\/\\\/www.ednh.fr\\\/salon-nutrition\\\/lyon\\\/\",\"logo\":{\"@type\":\"ImageObject\",\"inLanguage\":\"fr-FR\",\"@id\":\"https:\\\/\\\/www.ednh.fr\\\/salon-nutrition\\\/lyon\\\/#\\\/schema\\\/logo\\\/image\\\/\",\"url\":\"https:\\\/\\\/www.ednh.fr\\\/salon-nutrition\\\/lyon\\\/wp-content\\\/uploads\\\/sites\\\/7\\\/2022\\\/12\\\/LOGO-salon.png\",\"contentUrl\":\"https:\\\/\\\/www.ednh.fr\\\/salon-nutrition\\\/lyon\\\/wp-content\\\/uploads\\\/sites\\\/7\\\/2022\\\/12\\\/LOGO-salon.png\",\"width\":500,\"height\":500,\"caption\":\"Salon de la Nutrition de l&#039;EDNH de Lyon\"},\"image\":{\"@id\":\"https:\\\/\\\/www.ednh.fr\\\/salon-nutrition\\\/lyon\\\/#\\\/schema\\\/logo\\\/image\\\/\"}}]}<\/script>\n<!-- \/ Yoast SEO plugin. -->","yoast_head_json":{"title":"Logistique - Salon de la Nutrition de l&#039;EDNH de Lyon","robots":{"index":"index","follow":"follow","max-snippet":"max-snippet:-1","max-image-preview":"max-image-preview:large","max-video-preview":"max-video-preview:-1"},"canonical":"https:\/\/www.ednh.fr\/salon-nutrition\/lyon\/logistique\/","og_locale":"fr_FR","og_type":"article","og_title":"Logistique - Salon de la Nutrition de l&#039;EDNH de Lyon","og_description":"Logistique Florian Salut, c&rsquo;est Florian et je suis le pr\u00e9sident du salon !\u00a0 Souriant, dynamique et toujours partant pour aider, je mets mon \u00e9nergie au service de l\u2019\u00e9quipe et du projet !\u00a0 Passionn\u00e9 par les sports de combat, j\u2019aime relever les d\u00e9fis et transmettre cette d\u00e9termination dans tout ce que j\u2019entreprends.\u00a0 Mon objectif : faire de ce salon un moment convivial, instructif et plein de bonne humeur !\u00a0 Carla Salut, moi c&rsquo;est Carla, passionn\u00e9e par la di\u00e9t\u00e9tique, la cuisine et l&rsquo;\u00e9quitation, j&rsquo;ai une vision ludique et accessible de la sant\u00e9 et souhaite apporter mon exp\u00e9rience au salon avec cette optique !","og_url":"https:\/\/www.ednh.fr\/salon-nutrition\/lyon\/logistique\/","og_site_name":"Salon de la Nutrition de l&#039;EDNH de Lyon","article_modified_time":"2025-12-03T16:33:44+00:00","og_image":[{"width":1080,"height":1350,"url":"https:\/\/www.ednh.fr\/salon-nutrition\/lyon\/wp-content\/uploads\/sites\/7\/2025\/11\/Florian-1.png","type":"image\/png"}],"twitter_card":"summary_large_image","twitter_misc":{"Dur\u00e9e de lecture estim\u00e9e":"1 minute"},"schema":{"@context":"https:\/\/schema.org","@graph":[{"@type":"WebPage","@id":"https:\/\/www.ednh.fr\/salon-nutrition\/lyon\/logistique\/","url":"https:\/\/www.ednh.fr\/salon-nutrition\/lyon\/logistique\/","name":"Logistique - Salon de la Nutrition de l&#039;EDNH de Lyon","isPartOf":{"@id":"https:\/\/www.ednh.fr\/salon-nutrition\/lyon\/#website"},"primaryImageOfPage":{"@id":"https:\/\/www.ednh.fr\/salon-nutrition\/lyon\/logistique\/#primaryimage"},"image":{"@id":"https:\/\/www.ednh.fr\/salon-nutrition\/lyon\/logistique\/#primaryimage"},"thumbnailUrl":"https:\/\/www.ednh.fr\/salon-nutrition\/lyon\/wp-content\/uploads\/sites\/7\/2025\/11\/Florian-1-819x1024.png","datePublished":"2025-11-12T15:02:41+00:00","dateModified":"2025-12-03T16:33:44+00:00","breadcrumb":{"@id":"https:\/\/www.ednh.fr\/salon-nutrition\/lyon\/logistique\/#breadcrumb"},"inLanguage":"fr-FR","potentialAction":[{"@type":"ReadAction","target":["https:\/\/www.ednh.fr\/salon-nutrition\/lyon\/logistique\/"]}]},{"@type":"ImageObject","inLanguage":"fr-FR","@id":"https:\/\/www.ednh.fr\/salon-nutrition\/lyon\/logistique\/#primaryimage","url":"https:\/\/www.ednh.fr\/salon-nutrition\/lyon\/wp-content\/uploads\/sites\/7\/2025\/11\/Florian-1.png","contentUrl":"https:\/\/www.ednh.fr\/salon-nutrition\/lyon\/wp-content\/uploads\/sites\/7\/2025\/11\/Florian-1.png","width":1080,"height":1350},{"@type":"BreadcrumbList","@id":"https:\/\/www.ednh.fr\/salon-nutrition\/lyon\/logistique\/#breadcrumb","itemListElement":[{"@type":"ListItem","position":1,"name":"Accueil","item":"https:\/\/www.ednh.fr\/salon-nutrition\/lyon\/"},{"@type":"ListItem","position":2,"name":"Logistique"}]},{"@type":"WebSite","@id":"https:\/\/www.ednh.fr\/salon-nutrition\/lyon\/#website","url":"https:\/\/www.ednh.fr\/salon-nutrition\/lyon\/","name":"Salon de la Nutrition de l&#039;EDNH de Lyon","description":"12\u00e8me \u00e9dition du Salon de la Nutrition de l&#039;EDNH","publisher":{"@id":"https:\/\/www.ednh.fr\/salon-nutrition\/lyon\/#organization"},"potentialAction":[{"@type":"SearchAction","target":{"@type":"EntryPoint","urlTemplate":"https:\/\/www.ednh.fr\/salon-nutrition\/lyon\/?s={search_term_string}"},"query-input":{"@type":"PropertyValueSpecification","valueRequired":true,"valueName":"search_term_string"}}],"inLanguage":"fr-FR"},{"@type":"Organization","@id":"https:\/\/www.ednh.fr\/salon-nutrition\/lyon\/#organization","name":"Salon de la Nutrition de l&#039;EDNH de Lyon","url":"https:\/\/www.ednh.fr\/salon-nutrition\/lyon\/","logo":{"@type":"ImageObject","inLanguage":"fr-FR","@id":"https:\/\/www.ednh.fr\/salon-nutrition\/lyon\/#\/schema\/logo\/image\/","url":"https:\/\/www.ednh.fr\/salon-nutrition\/lyon\/wp-content\/uploads\/sites\/7\/2022\/12\/LOGO-salon.png","contentUrl":"https:\/\/www.ednh.fr\/salon-nutrition\/lyon\/wp-content\/uploads\/sites\/7\/2022\/12\/LOGO-salon.png","width":500,"height":500,"caption":"Salon de la Nutrition de l&#039;EDNH de Lyon"},"image":{"@id":"https:\/\/www.ednh.fr\/salon-nutrition\/lyon\/#\/schema\/logo\/image\/"}}]}},"_links":{"self":[{"href":"https:\/\/www.ednh.fr\/salon-nutrition\/lyon\/wp-json\/wp\/v2\/pages\/2709","targetHints":{"allow":["GET"]}}],"collection":[{"href":"https:\/\/www.ednh.fr\/salon-nutrition\/lyon\/wp-json\/wp\/v2\/pages"}],"about":[{"href":"https:\/\/www.ednh.fr\/salon-nutrition\/lyon\/wp-json\/wp\/v2\/types\/page"}],"author":[{"embeddable":true,"href":"https:\/\/www.ednh.fr\/salon-nutrition\/lyon\/wp-json\/wp\/v2\/users\/12"}],"replies":[{"embeddable":true,"href":"https:\/\/www.ednh.fr\/salon-nutrition\/lyon\/wp-json\/wp\/v2\/comments?post=2709"}],"version-history":[{"count":29,"href":"https:\/\/www.ednh.fr\/salon-nutrition\/lyon\/wp-json\/wp\/v2\/pages\/2709\/revisions"}],"predecessor-version":[{"id":2894,"href":"https:\/\/www.ednh.fr\/salon-nutrition\/lyon\/wp-json\/wp\/v2\/pages\/2709\/revisions\/2894"}],"wp:attachment":[{"href":"https:\/\/www.ednh.fr\/salon-nutrition\/lyon\/wp-json\/wp\/v2\/media?parent=2709"}],"curies":[{"name":"wp","href":"https:\/\/api.w.org\/{rel}","templated":true}]}}