{"id":9,"date":"2024-11-08T12:45:09","date_gmt":"2024-11-08T11:45:09","guid":{"rendered":"https:\/\/www.ednh.fr\/clinique-nutrition\/lyon\/?page_id=9"},"modified":"2024-11-19T22:24:03","modified_gmt":"2024-11-19T21:24:03","slug":"clinique-de-la-nutrition","status":"publish","type":"page","link":"https:\/\/www.ednh.fr\/clinique-nutrition\/lyon\/clinique-de-la-nutrition\/","title":{"rendered":"Qu&rsquo;est-ce que la clinique de la nutrition ?"},"content":{"rendered":"\t\t<div data-elementor-type=\"wp-page\" data-elementor-id=\"9\" class=\"elementor elementor-9\">\n\t\t\t\t<div class=\"elementor-element elementor-element-e1574dd e-flex e-con-boxed wpr-particle-no wpr-jarallax-no wpr-parallax-no wpr-sticky-section-no wpr-column-slider-no wpr-equal-height-no e-con e-parent\" data-id=\"e1574dd\" data-element_type=\"container\" data-e-type=\"container\">\n\t\t\t\t\t<div class=\"e-con-inner\">\n\t\t\t\t<div class=\"elementor-element elementor-element-7abd484 elementor-widget elementor-widget-text-editor\" data-id=\"7abd484\" data-element_type=\"widget\" data-e-type=\"widget\" data-widget_type=\"text-editor.default\">\n\t\t\t\t<div class=\"elementor-widget-container\">\n\t\t\t\t\t\t\t\t\t<p>C&rsquo;est un moyen pour les \u00e9tudiants de l&rsquo;EDNH de s&rsquo;entrainer \u00e0 pratiquer des consultations di\u00e9t\u00e9tiques pour accompagner les patients dans l&rsquo;atteinte de leurs objectifs : prise\/perte de poids, suivi du sportif, pathologies m\u00e9taboliques&#8230;<\/p><p>C&rsquo;est \u00e9galement une solution pour les patients qui n&rsquo;ont pas beaucoup de moyens, d&rsquo;\u00eatre pris en charge !<\/p><p>Le co\u00fbt de la premi\u00e8re consultation est de 18 \u20ac et les suivantes sont gratuites.<br \/><span style=\"text-align: var(--text-align);background-color: var(--wp--preset--color--base);font-size: var(--wp--preset--font-size--medium)\">Chez des di\u00e9t\u00e9ticiens dipl\u00f4m\u00e9s, chaque consultation co\u00fbte<\/span><span style=\"background-color: var(--wp--preset--color--base);font-size: var(--wp--preset--font-size--medium);text-align: var(--text-align)\">\u00a050 \u00e0 60 \u20ac.<\/span><\/p>\t\t\t\t\t\t\t\t<\/div>\n\t\t\t\t<\/div>\n\t\t\t\t\t<\/div>\n\t\t\t\t<\/div>\n\t\t<div class=\"elementor-element elementor-element-cc7ceec e-flex e-con-boxed wpr-particle-no wpr-jarallax-no wpr-parallax-no wpr-sticky-section-no wpr-column-slider-no wpr-equal-height-no e-con e-parent\" data-id=\"cc7ceec\" data-element_type=\"container\" data-e-type=\"container\">\n\t\t\t\t\t<div class=\"e-con-inner\">\n\t\t\t\t<div class=\"elementor-element elementor-element-7c31264 elementor-widget elementor-widget-image\" data-id=\"7c31264\" data-element_type=\"widget\" data-e-type=\"widget\" data-widget_type=\"image.default\">\n\t\t\t\t<div class=\"elementor-widget-container\">\n\t\t\t\t\t\t\t\t\t\t\t\t\t\t\t<img fetchpriority=\"high\" decoding=\"async\" width=\"1024\" height=\"1024\" src=\"https:\/\/www.ednh.fr\/clinique-nutrition\/lyon\/wp-content\/uploads\/sites\/6\/2024\/11\/Lequipe-2-1024x1024.png\" class=\"attachment-large size-large wp-image-135\" alt=\"\" srcset=\"https:\/\/www.ednh.fr\/clinique-nutrition\/lyon\/wp-content\/uploads\/sites\/6\/2024\/11\/Lequipe-2-1024x1024.png 1024w, https:\/\/www.ednh.fr\/clinique-nutrition\/lyon\/wp-content\/uploads\/sites\/6\/2024\/11\/Lequipe-2-300x300.png 300w, https:\/\/www.ednh.fr\/clinique-nutrition\/lyon\/wp-content\/uploads\/sites\/6\/2024\/11\/Lequipe-2-150x150.png 150w, https:\/\/www.ednh.fr\/clinique-nutrition\/lyon\/wp-content\/uploads\/sites\/6\/2024\/11\/Lequipe-2-768x768.png 768w, https:\/\/www.ednh.fr\/clinique-nutrition\/lyon\/wp-content\/uploads\/sites\/6\/2024\/11\/Lequipe-2.png 1080w\" sizes=\"(max-width: 1024px) 100vw, 1024px\" \/>\t\t\t\t\t\t\t\t\t\t\t\t\t\t\t<\/div>\n\t\t\t\t<\/div>\n\t\t\t\t\t<\/div>\n\t\t\t\t<\/div>\n\t\t\t\t<\/div>\n\t\t","protected":false},"excerpt":{"rendered":"<p>C&rsquo;est un moyen pour les \u00e9tudiants de l&rsquo;EDNH de s&rsquo;entrainer \u00e0 pratiquer des consultations di\u00e9t\u00e9tiques pour accompagner les patients dans l&rsquo;atteinte de leurs objectifs : prise\/perte de poids, suivi du sportif, pathologies m\u00e9taboliques&#8230; C&rsquo;est \u00e9galement une solution pour les patients qui n&rsquo;ont pas beaucoup de moyens, d&rsquo;\u00eatre pris en charge ! Le co\u00fbt de la premi\u00e8re consultation est de 18 \u20ac et les suivantes sont gratuites.Chez des di\u00e9t\u00e9ticiens dipl\u00f4m\u00e9s, chaque consultation co\u00fbte\u00a050 \u00e0 60 \u20ac.<\/p>\n","protected":false},"author":7,"featured_media":0,"parent":0,"menu_order":1,"comment_status":"closed","ping_status":"closed","template":"","meta":{"om_disable_all_campaigns":false,"footnotes":""},"class_list":["post-9","page","type-page","status-publish","hentry"],"_links":{"self":[{"href":"https:\/\/www.ednh.fr\/clinique-nutrition\/lyon\/wp-json\/wp\/v2\/pages\/9","targetHints":{"allow":["GET"]}}],"collection":[{"href":"https:\/\/www.ednh.fr\/clinique-nutrition\/lyon\/wp-json\/wp\/v2\/pages"}],"about":[{"href":"https:\/\/www.ednh.fr\/clinique-nutrition\/lyon\/wp-json\/wp\/v2\/types\/page"}],"author":[{"embeddable":true,"href":"https:\/\/www.ednh.fr\/clinique-nutrition\/lyon\/wp-json\/wp\/v2\/users\/7"}],"replies":[{"embeddable":true,"href":"https:\/\/www.ednh.fr\/clinique-nutrition\/lyon\/wp-json\/wp\/v2\/comments?post=9"}],"version-history":[{"count":59,"href":"https:\/\/www.ednh.fr\/clinique-nutrition\/lyon\/wp-json\/wp\/v2\/pages\/9\/revisions"}],"predecessor-version":[{"id":138,"href":"https:\/\/www.ednh.fr\/clinique-nutrition\/lyon\/wp-json\/wp\/v2\/pages\/9\/revisions\/138"}],"wp:attachment":[{"href":"https:\/\/www.ednh.fr\/clinique-nutrition\/lyon\/wp-json\/wp\/v2\/media?parent=9"}],"curies":[{"name":"wp","href":"https:\/\/api.w.org\/{rel}","templated":true}]}}